0 and 112.
56
Calculate the highest common divisor of 26 and 12311.
13
What is the greatest common factor of 5019 and 42?
21
Calculate the greatest common factor of 30 and 20490.
30
Calculate the highest common factor of 56 and 16.
8
What is the highest common factor of 22 and 418?
22
What is the highest common divisor of 68 and 170?
34
What is the highest common divisor of 102 and 10047?
51
What is the greatest common divisor of 23 and 8?
1
What is the highest common factor of 336 and 88?
8
What is the greatest common factor of 470 and 130?
10
Calculate the highest common divisor of 160 and 5.
5
What is the greatest common divisor of 715 and 65?
65
Calculate the highest common factor of 378 and 224.
14
What is the highest common divisor of 276 and 780?
12
What is the greatest common factor of 57 and 228?
57
What is the greatest common factor of 6465 and 45?
15
Calculate the highest common factor of 11646 and 90.
18
What is the greatest common factor of 75 and 3675?
75
What is the highest common factor of 3 and 7299?
3
What is the highest common divisor of 650 and 50?
50
Calculate the highest common divisor of 48 and 2616.
24
Calculate the greatest common divisor of 136 and 119.
17
What is the greatest common divisor of 64 and 400?
16
Calculate the highest common divisor of 136 and 170.
34
Calculate the greatest common factor of 20 and 1210.
10
Calculate the greatest common divisor of 18383 and 155.
31
Calculate the greatest common factor of 25 and 800.
25
What is the greatest common factor of 236 and 16?
4
What is the highest common divisor of 8 and 19528?
8
What is the greatest common divisor of 72 and 168?
24
What is the greatest common divisor of 30 and 85830?
30
What is the highest common divisor of 81 and 567?
81
What is the highest common divisor of 90 and 645?
15
Calculate the highest common divisor of 25 and 25.
25
Calculate the greatest common factor of 50 and 1100.
50
Calculate the greatest common factor of 92 and 69.
23
Calculate the greatest common divisor of 20 and 23940.
20
What is the greatest common divisor of 46 and 2162?
46
What is the greatest common divisor of 18 and 36837?
9
What is the greatest common factor of 213 and 49203?
213
What is the greatest common divisor of 35139 and 159?
159
Calculate the highest common divisor of 8515 and 195.
65
Calculate the highest common factor of 298 and 18029.
149
What is the highest common factor of 864 and 81?
27
What is the highest common divisor of 34 and 442?
34
What is the highest common factor of 36 and 10026?
18
What is the highest common divisor of 75183 and 57?
57
What is the highest common factor of 148 and 4?
4
Calculate the highest common divisor of 2382 and 66.
6
What is the greatest common factor of 5516 and 8?
4
What is the greatest common factor of 6 and 434?
2
Calculate the highest common divisor of 1843 and 97.
97
Calculate the greatest common factor of 126 and 1022.
14
Calculate the greatest common factor of 209 and 143.
11
What is the highest common factor of 304 and 247?
19
Calculate the highest common divisor of 22 and 154.
22
What is the greatest common factor of 14 and 350?
14
Calculate the highest common factor of 111 and 629.
37
What is the highest common divisor of 19 and 475?
19
Calculate the greatest common factor of 61 and 4.
1
What is the highest common factor of 605 and 495?
55
What is the greatest common factor of 76 and 20?
4
Calculate the greatest common divisor of 2 and 373.
1
What is the highest common factor of 287 and 7?
7
What is the highest common divisor of 462 and 84?
42
Calculate the highest common factor of 1677 and 78.
39
Calculate the greatest common factor of 26 and 78.
26
Calculate the highest common factor of 3811 and 37.
37
Calculate the highest common divisor of 62970 and 30.
30
Calculate the highest common factor of 920 and 345.
115
What is the greatest common factor of 32 and 784?
16
What is the highest common divisor of 110 and 22?
22
Calculate the greatest common factor of 985 and 21473.
197
What is the greatest common divisor of 540 and 20?
20
What is the greatest common divisor of 78 and 6474?
78
What is the highest common divisor of 4182 and 102?
102
Calculate the greatest common factor of 80 and 592.
16
What is the greatest common factor of 730 and 10?
10
What is the highest common factor of 191041 and 73?
73
What is the greatest common divisor of 12360 and 420?
60
Calculate the greatest common divisor of 15 and 34035.
15
What is the highest common factor of 171 and 1083?
57
What is the greatest common divisor of 4 and 1262?
2
Calculate the greatest common factor of 15 and 200.
5
What is the highest common divisor of 108 and 81?
27
What is the highest common divisor of 87 and 69?
3
What is the highest common divisor of 20 and 4?
4
What is the greatest common divisor of 272 and 48?
16
What is the greatest common divisor of 4396 and 56?
28
What is the greatest common factor of 72 and 387?
9
What is the highest common divisor of 1368 and 2232?
72
Calculate the greatest common factor of 24 and 66.
6
Calculate the greatest common factor of 82 and 2419.
41
What is the highest common factor of 12 and 17712?
12
Calculate the highest common divisor of 1188 and 1620.
108
Calculate the highest common divisor of 60 and 135.
15
What is the greatest common divisor of 680 and 2210?
170
Calculate the highest common factor of 1420 and 20.
20
Calculate the highest common factor of 32739 and 42.
21
What is the greatest common divisor of 169 and 65?
13
What is the greatest common divisor of 756 and 28?
28
Calculate the greatest common divisor of 20 and 135.
5
What is the highest common factor of 140 and 105?
35
What is the greatest common divisor of 16 and 252?
4
What is the highest common divisor of 3 and 59?
1
What is the greatest common factor of 24 and 6792?
24
Calculate the highest common divisor of 104 and 1469.
13
Calculate the highest common divisor of 80 and 90.
10
What is the greatest common factor of 28 and 6013?
7
Calculate the greatest common divisor of 186 and 1426.
62
What is the highest common factor of 12 and 948?
12
What is the highest common factor of 820 and 500?
20
What is the highest common divisor of 187 and 68?
17
Calculate the greatest common divisor of 52 and 637.
13
What is the highest common divisor of 72 and 64?
8
What is the highest common factor of 68 and 16?
4
Calculate the greatest common divisor of 12145 and 70.
35
Calculate the highest common divisor of 2497 and 11.
11
What is the greatest common factor of 901 and 53?
53
What is the highest common factor of 1020 and 1170?
30
Calculate the greatest common divisor of 4 and 236.
4
What is the greatest common divisor of 65 and 117?
13
What is the greatest common factor of 19 and 437?
19
Calculate the highest common divisor of 1520 and 400.
80
Calculate the highest common divisor of 10 and 65.
5
What is the greatest common divisor of 2168 and 2439?
271
What is the greatest common factor of 136 and 1972?
68
Calculate the highest common factor of 305 and 2928.
61
Calculate the greatest common factor of 8 and 248.
8
What is the greatest common divisor of 5950 and 56?
14
Calculate the greatest common factor of 56 and 91.
7
Calculate the greatest common factor of 1025 and 41.
41
What is the greatest common factor of 270 and 630?
90
Calculate the highest common factor of 18 and 2670.
6
What is the highest common divisor of 192 and 168?
24
Calculate the highest common factor of 637 and 455.
91
What is the highest common factor of 28 and 119?
7
Calculate the highest common divisor of 975 and 375.
75
Calculate the greatest common divisor of 851 and 161.
23
What is the greatest common divisor of 270 and 675?
135
Calculate the greatest common factor of 420 and 3108.
84
Calculate the highest common factor of 112 and 462.
14
What is the greatest common divisor of 304 and 16?
16
Calculate the highest common divisor of 7 and 2.
1
What is the highest common divisor of 461 and 7?
1
Calculate the highest common divisor of 35255 and 55.
55
What is the highest common factor of 9827 and 31?
31
Calculate the highest common factor of 58625 and 35.
35
Calculate the highest common factor of 3858 and 24.
6
What is the greatest common factor of 5442 and 6?
6
Calculate the greatest common